base 16) to base 15.
-2d70
Convert -30340 (base 5) to base 16.
-7b2
Convert 12d5 (base 14) to base 3.
11120002
What is -22063 (base 9) in base 13?
-687c
-1021 (base 4) to base 12
-61
Convert 23322 (base 5) to base 7.
4664
What is 1c0 (base 13) in base 8?
505
Convert -13c5 (base 14) to base 6.
-24121
What is -30130331 (base 4) in base 16?
-c73d
What is -4111032 (base 5) in base 14?
-1a2a4
What is 1520 (base 7) in base 9?
738
What is 222111010 (base 3) in base 4?
10231230
Convert 128e (base 15) to base 8.
7567
What is -11452 (base 6) in base 4?
-122120
What is 2316 (base 7) in base 14?
446
Convert -514 (base 16) to base 5.
-20200
42650 (base 7) to base 9
15508
What is -169a (base 11) in base 16?
-876
What is 230024 (base 5) in base 7?
32505
What is 135 (base 7) in base 2?
1001011
Convert -32423 (base 5) to base 10.
-2238
Convert 2209 (base 11) to base 5.
43123
Convert -69d (base 15) to base 9.
-2044
Convert -18153 (base 9) to base 15.
-3a9c
What is -534 (base 10) in base 9?
-653
Convert 275 (base 10) to base 13.
182
-5a (base 14) to base 16
-50
What is -3091 (base 14) in base 6?
-102411
Convert 10bcb (base 13) to base 11.
20a87
3458 (base 13) to base 12
42b8
What is -32342 (base 5) in base 13?
-101c
What is -267 (base 15) in base 7?
-1411
-1040121 (base 5) to base 16
-46f1
Convert 27c (base 14) to base 9.
617
-140 (base 5) to base 6
-113
-306065 (base 7) to base 10
-52526
What is -144252 (base 6) in base 8?
-33150
What is -2022212121 (base 3) in base 4?
-23030023
-917 (base 10) to base 14
-497
Convert 52210 (base 7) to base 2.
11000111111100
Convert 12202210 (base 3) to base 5.
113311
What is 655b (base 15) in base 8?
51725
Convert 7548 (base 9) to base 8.
12660
-1001101110 (base 2) to base 10
-622
375 (base 10) to base 8
567
What is 964 (base 11) in base 9?
1527
What is -110201 (base 3) in base 13?
-205
Convert -557 (base 16) to base 14.
-6d9
Convert 295 (base 15) to base 14.
302
Convert -3246 (base 12) to base 6.
-41330
What is 322242 (base 5) in base 8?
25303
-100516 (base 7) to base 3
-212102001
1788 (base 9) to base 14
704
429 (base 12) to base 13
37b
6fa2 (base 16) to base 5
1403303
122c (base 14) to base 8
6150
What is 8437 (base 16) in base 3?
1201102121
What is -217 (base 13) in base 16?
-166
-3a (base 11) to base 13
-34
-534f (base 16) to base 11
-15029
What is -c27 (base 13) in base 6?
-13313
20322023 (base 4) to base 9
55045
-250 (base 9) to base 12
-153
Convert 77370 (base 8) to base 16.
7ef8
Convert -1161 (base 8) to base 11.
-519
-254 (base 8) to base 7
-334
Convert 525300 (base 6) to base 11.
2a062
Convert -54035 (base 7) to base 12.
-790b
Convert 651 (base 10) to base 15.
2d6
Convert -11303 (base 7) to base 10.
-2894
Convert 2549 (base 15) to base 8.
17410
133220 (base 4) to base 9
2688
Convert -1614 (base 7) to base 2.
-1010001000
-24031 (base 8) to base 3
-112002012
Convert 32b (base 14) to base 12.
443
What is 4500 (base 6) in base 14?
548
-237 (base 8) to base 9
-186
-651 (base 8) to base 6
-1545
Convert -6160 (base 13) to base 9.
-20371
Convert -1011111110001 (base 2) to base 15.
-1c39
-6a8c (base 15) to base 16
-5868
Convert -14114 (base 5) to base 9.
-1527
Convert 9836 (base 10) to base 9.
14438
Convert 1001011010 (base 2) to base 11.
4a8
What is 110100110111000 (base 2) in base 11?
19374
What is 32042 (base 5) in base 14?
ad5
78 (base 12) to base 2
1011100
-100002132 (base 4) to base 3
-10100010010
What is -2670 (base 9) in base 4?
-133113
2486 (base 11) to base 10
3240
-11101001110 (base 2) to base 14
-978
What is -332145 (base 7) in base 10?
-58392
9143 (base 11) to base 10
12147
Convert -713a (base 16) to base 2.
-111000100111010
-386 (base 14) to base 8
-1302
Convert -28 (base 14) to base 15.
-26
Convert -b578 (base 12) to base 14.
-731a
What is 1e5f (base 16) in base 12?
45bb
What is 1200100 (base 3) in base 8?
2310
Convert 1122 (base 3) to base 13.
35
What is -10012223 (base 4) in base 7?
-100004
What is -11071 (base 16) in base 15?
-159ea
What is 661 (base 8) in base 12?
301
What is -11210 (base 4) in base 16?
-164
-2100100 (base 3) to base 5
-23320
Convert 13a9 (base 11) to base 3.
2111011
101000010100111 (base 2) to base 14
774b
Convert 3ee2 (base 15) to base 8.
32257
Convert -240a (base 12) to base 5.
-112132
Convert -13021 (base 5) to base 15.
-476
Convert 101010 (base 3) to base 10.
273
-1010101 (base 2) to base 3
-10011
What is -25a (base 13) in base 14?
-217
Convert 7072 (base 10) to base 3.
100200221
Convert 1582 (base 10) to base 4.
120232
-30011 (base 4) to base 2
-1100000101
What is -22a3 (base 13) in base 9?
-6605
-31752 (base 8) to base 10
-13290
-9b (base 14) to base 5
-1022
What is 4069 (base 11) in base 15?
18ee
What is 222211 (base 4) in base 13?
1318
Convert 110100101011011 (base 2) to base 12.
13737
91 (base 15) to base 9
161
-14201 (base 5) to base 16
-498
-4556 (base 7) to base 3
-2021102
Convert 554 (base 9) to base 8.
706
100001111 (base 2) to base 15
131
Convert 352 (base 6) to base 9.
165
What is 3132030 (base 5) in base 11?
361a0
3421 (base 9) to base 3
10110201
What is -1734 (base 9) in base 4?
-110233
What is -223 (base 10) in base 8?
-337
What is -2a34 (base 16) in base 2?
-10101000110100
What is -3d9a (base 16) in base 11?
-10937
Convert -10011111 (base 2) to base 12.
-113
-222003 (base 6) to base 16
-4893
What is -1000110111 (base 2) in base 16?
-237
1b81 (base 12) to base 14
1357
202101 (base 3) to base 12
39a
What is -194 (base 14) in base 8?
-506
-10011 (base 7) to base 5
-34114
What is -ded (base 16) in base 11?
-2751
Convert -50212 (base 6) to base 16.
-19a0
Convert -2b88 (base 15) to base 10.
-9353
-1581 (base 14) to base 6
-25433
Convert -c05 (base 13) to base 2.
-11111110001
Convert -7946 (base 10) to base 16.
-1f0a
2012112 (base 4) to base 11
6507
Convert 110202200 (base 3) to base 2.
10010001011010
What is -25b (base 14) in base 8?
-731
Convert -29812 (base 10) to base 16.
-7474
1112100 (base 5) to base 12
b456
What is -10423 (base 5) in base 11?
-611
371 (base 9) to base 12
217
Convert -11c (base 15) to base 12.
-190
-9152 (base 14) to base 15
-75e4
What is -2625 (base 16) in base 12?
-5799
-251 (base 15) to base 13
-316
What is 248 (base 14) in base 12?
320
3142 (base 6) to base 14
38a
Convert -15303 (base 7) to base 5.
-114031
2c3 (base 16) to base 11
593
31c (base 14) to base 9
752
What is 48 (base 14) in base 7?
121
Convert -112212 (base 3) to base 10.
-401
What is 423 (base 10) in base 4?
12213
Convert 25226 (base 11) to base 4.
20311233
What is 16d (base 15) in base 14?
196
Convert -c9a (base 13) to base 2.
-100001101011
Convert -1590 (base 11) to base 8.
-3763
Convert -524 (base 10) to base 13.
-314
10120 (base 4) to base 15
13a
35112 (base 7) to base 15
29d6
Convert 6c4 (base 16) to base 13.
a33
Convert -1ae2 (base 15) to base 10.
-5837
What is 1335 (base 6) in base 12?
24b
What is -a0c (base 13) in base 7?
-4651
11 (base 9) to base 15
a
What is a90 (base 13) in base 11?
13a3
Convert 1101110110 (base 2) to base 7.
2404
16151 (base 8) to base 10
7273
-1730 (base 10) to base 4
-123002
What is -30323202 (base 4) in base 15?
-10a5c
15737 (base 9) to base 12
6307
What is 461 (base 7) in base 3?
22212
What is -5383 (base 11) in base 5?
-211414
Convert 46a (base 11) to base 10.
560
Convert 5598 (base 11) to base 5.
213432
What is -a49 (base 12) in base 9?
-2043
Convert 3980 (base 13) to base 3.
102021022
What is 2cdd (base 15) in base 7?
40105
What is 3ab7 (base 14) in base 15?
3103
5771 (base 15) to base 3
221110021
What is -763 (base 13) in base 5?
-20024
20011121 (base 3) to base 15
14ed
Convert 3001033 (base 4) to base 14.
4715
-320 (base 12) to base 6
-2040
Convert 1874 (base 13) to base 10.
3644
What is 1121001 (base 4) in base 3?
21211000
What is 509 (base 10) in base 3?
200212
What is 45a4 (base 12) in base 6?
55524
-1000201 (base 3) to base 14
-3b6
130201 (base 4) to base 7
5215
3a0a9 (base 11) to base 14
16c88
50181 (base 9) to base 2
1000000010111111
Convert 1058 (base 11) to base 6.
10242
Convert 320313 (base 4) to base 8.
7067
Convert 1091a (base 14) to base 8.
116414
1100 (base 5) to base 16
96
What is -1468 (base 11) in base 13?
-b24
Convert 9830 (base 14) to base 12.
13282
Convert 103307 (base 8) to base 12.
17b73
What is -1206 (base 8) in base 6?
-25